. What are the prime factors of k?
2, 5, 29
Let r = 14 + -11. Suppose 245 + 22 = r*s. What are the prime factors of s?
89
Suppose -4*f + 8 + 4 = 0. Let c(h) = h**3 - 2*h**2 - 2*h + 4. Let w be c(f). Suppose 28 = x - w. What are the prime factors of x?
5, 7
Let t(o) = o + 1. Let v(p) = 8*p + 54. Let s(g) = -6*t(g) + v(g). What are the prime factors of s(0)?
2, 3
What are the prime factors of 192/28 + 12/(-14) - -4970?
2, 311
Suppose 0 = 40*r - 41*r + 4*p + 1872, 2*r = 5*p + 3735. What are the prime factors of r?
2, 3, 5, 31
Let p = 1763 - 1254. What are the prime factors of p?
509
Let g(l) = 11*l - 6. Let i be g(-3). Let z = i + 50. List the prime factors of z.
11
Let j = 788 - 374. What are the prime factors of j?
2, 3, 23
Suppose -d - 3*i - 2*i - 53 = 0, 3*i = -15. Let j = 13 + d. Let h = j + 27. List the prime factors of h.
2, 3
Suppose -f = -3*f + 3*y + 398, 0 = -y + 4. Let q = f + -20. List the prime factors of q.
5, 37
Suppose -a + 74 = -0*a. Suppose -f + a = -0*f. Suppose -3*w - 3*n = -0*n - 30, -f = -5*w + 3*n. List the prime factors of w.
13
Let x be -1 + -4 + (-4)/4. Let l(t) = -t**2 - 6*t + 14. Let m be l(-4). Let r = x + m. List the prime factors of r.
2
What are the prime factors of (-668)/(-2) + (-8)/(-1)?
2, 3, 19
Suppose -21 = -4*p - 3*p. Let n be (p/12)/(1/(-4)). Let o(w) = -44*w**3 + w**2 + 2*w + 1. List the prime factors of o(n).
2, 11
Suppose -533 = -3*r + 193. List the prime factors of r.
2, 11
Suppose 0 = -u - 25 + 23, 3*u = -3*o + 3609. List the prime factors of o.
5, 241
Let c(u) = 4*u**3 - 3*u**2 - 7*u + 19. What are the prime factors of c(6)?
733
Let i(h) be the first derivative of h**3/3 - h**2/2 + 8*h - 12. List the prime factors of i(7).
2, 5
Suppose 15*x + 1330 = 17*x. Suppose -4*f + x = -m, -m - 826 = -5*f - 5*m. What are the prime factors of f?
2, 83
Suppose -2 = -3*k + 16. Suppose 113 + 127 = 4*g. Suppose -k*a + g = -a. List the prime factors of a.
2, 3
Suppose -p + 11 = k - 778, -3*k + 1579 = 2*p. List the prime factors of p.
2, 197
Let v(l) = -l**2 + 27*l - 70. Let s be v(24). What are the prime factors of (-5)/(-10) + 429/s?
5, 43
Let m = -1017 + 1622. What are the prime factors of m?
5, 11
Suppose v + 0*y + 5*y + 26 = 0, 0 = -5*v + 4*y - 159. Let f = -15 + v. Let q = f + 71. What are the prime factors of q?
5
Let w(x) = 19*x**2 + 34*x - 7. List the prime factors of w(-4).
7, 23
Let q = 112 + 29. Suppose -g + 121 = 4*d, 4*g - 343 = -2*d + q. List the prime factors of g.
11
Suppose 3*s + 4890 = 3*b, -34*b - 2*s = -35*b + 1632. What are the prime factors of b?
2, 11, 37
Let m(d) = 2*d**3 + 56*d**2 - 33*d + 47. List the prime factors of m(-28).
971
Suppose -17*y - 14*y = -37417. What are the prime factors of y?
17, 71
Suppose -4 = 5*l + u, 0 = l - u - 0 - 4. Suppose -4*m = 3*i - 105, l = -5*m + 4*m + 3. Let a = -18 + i. What are the prime factors of a?
13
Let r be (-72)/(-27) - (-1)/3. Let b(o) = o**3 - 3*o**2 + 2*o - 2. Let m be b(r). Suppose -m*k = -0*k - 144. What are the prime factors of k?
2, 3
Suppose -456 = -7*p + 3*p - c, 2*p = 5*c + 228. What are the prime factors of p?
2, 3, 19
Suppose -8*x + 5 = 13. List the prime factors of (17 + -16)/(x/(-163)).
163
Let c be (2/(-5))/((-8)/360). Let j be 1*(1 + -2) + 3. Suppose -j*v = -5*v + c. List the prime factors of v.
2, 3
List the prime factors of (-11275)/(-15)*30/25.
2, 11, 41
Let c = 721 - 478. Suppose 0 = h + 22 - c. What are the prime factors of h?
13, 17
Let s(c) = c**3 + 21*c**2 - 31*c - 13. What are the prime factors of s(-18)?
37, 41
Let z = 9 - 5. Suppose -z*b - 2*o + 808 = -2242, -o + 765 = b. What are the prime factors of 6/(-27) - b/(-18)?
2, 3, 7
Let i(s) = 2*s**2 - 13*s + 5. Let z(j) = j + 3. Let d be z(6). Let m be i(d). Suppose 0 = u - m + 2. What are the prime factors of u?
2, 3
Let f(z) = -16*z - 1. Let k = 14 + -15. What are the prime factors of f(k)?
3, 5
Let y(g) = 48*g + 147. List the prime factors of y(9).
3, 193
Let c(g) = 164*g**3 + 4*g**2 - 2*g - 5. List the prime factors of c(2).
1319
Suppose 20 = 5*z - 4*o, 2*z = o + 1 + 4. Suppose z = -0*r + r - 87. Suppose 3*p = -3*u + r, 4*u + 67 = p + 13. List the prime factors of p.
2, 17
Suppose 3*i - w - 21 = 2*w, -i = -3*w - 11. Suppose 5*q + i*y - 35 = 0, -y = -3*q - 0*y + 1. List the prime factors of q.
2
What are the prime factors of 20372/220 - 2/(-5)?
3, 31
Suppose 0 = -15*l + 17*l + 8. What are the prime factors of (1 - (-69)/(-1))/(2 + l)?
2, 17
Suppose 3*k + 0 = -6. Let t be k/(2/5) - -4. List the prime factors of ((-84)/70)/(t/25).
2, 3, 5
List the prime factors of 1*(-2)/8 - 32643/(-12).
2, 5, 17
Let b = 856 - -333. List the prime factors of b.
29, 41
Suppose 3*l - 8638 = -4*n, -3*l + 17*n = 15*n - 8614. What are the prime factors of l?
2, 3, 479
Let l(d) = -d**3 + 7*d**2 + 8*d + 5. Let s be l(8). Suppose -204 = -s*q + 2*k + 39, -2*q = -3*k - 106. List the prime factors of q.
47
Let z(d) = d**2 + 7. Let x = 26 - 37. What are the prime factors of z(x)?
2
Let l = 6363 - 3917. What are the prime factors of l?
2, 1223
List the prime factors of (3 - 1)/(1/((-5173)/(-14))).
739
Suppose 3*k = -0*k + 6. Suppose 9 - 43 = -c + 3*t, 48 = 2*c - k*t. List the prime factors of c.
19
What are the prime factors of -7 + (-126)/(-24) - 6972/(-16)?
2, 7, 31
Let w be 2*(-1)/(4/50). Let y = 45 + w. List the prime factors of y.
2, 5
Let x(d) = d**3 + d**2 - 14. Let f be x(0). Let t = -23 - f. What are the prime factors of (5/3)/((-3)/t)?
5
What are the prime factors of (84/9)/7 - 807/(-9)?
7, 13
Suppose 106*i - 100*i - 108 = 0. What are the prime factors of i?
2, 3
Let h = 95 - 62. Let g = h - 33. Suppose 3*v - 5*o - 29 = 0, g*o - 4*o + 4 = v. What are the prime factors of v?
2
Suppose 0*g = -5*g - 4*q + 8270, -5*q = g - 1654. What are the prime factors of g?
2, 827
Let l = 41 - 37. Suppose 5*r - 217 = -l*u, -107 - 55 = -3*u - 4*r. List the prime factors of u.
2, 29
Let s = -87 - -443. Suppose 0*q = -4*q + s. List the prime factors of q.
89
Let d = -43 - -104. Suppose d = 6*s - 299. List the prime factors of s.
2, 3, 5
Let z = 322 + 186. List the prime factors of z.
2, 127
Suppose w + b - 5*b - 191 = 0, 3*w + 3*b - 528 = 0. What are the prime factors of w?
179
Let d(t) be the second derivative of t**3/6 - 5*t**2 - 2*t. Let p be d(12). Suppose -37 = -p*m + 7. What are the prime factors of m?
2, 11
Suppose 0 = -7*m + 12*m + 80. Let a be ((-12)/m)/(2/104). Suppose 3*q - a = -3. List the prime factors of q.
2, 3
Let a(h) = 10*h - 7. Suppose k = -2*c - k + 6, -4*k = -c + 18. List the prime factors of a(c).
53
Let d(r) = -r**2 + 10*r - 2. Let w be -3 + 2 - (2 - 2). Let i be (-2)/(w - 2/(-4)). What are the prime factors of d(i)?
2, 11
Let p = 1929 + -1372. What are the prime factors of p?
557
Suppose -3*f + 4*w + 994 = 0, -2*f - f + 2*w + 998 = 0. What are the prime factors of f?
2, 167
Let k(j) = -j**2 - 2*j + 11. Let u be k(2). Let d be (-2248)/(-22) - 8/44. Suppose -6*o + u*o = -d. List the prime factors of o.
2, 17
Let v(i) = 5*i - 14. Let d be v(11). Let o = 136 - d. What are the prime factors of o?
5, 19
Let g be (1 + -1 + -3)*-81. Let c = -151 + g. Suppose 5*r - r = -4, -3*z - r = -c. What are the prime factors of z?
31
What are the prime factors of 8/(-16)*13*-56?
2, 7, 13
Let u = -897 + 3669. What are the prime factors of u?
2, 3, 7, 11
Let m(a) = -4*a**3 + 5*a**2 - 7*a - 38. List the prime factors of m(-8).
2, 1193
Let f(i) = -i - 18. Let w be f(3). Let v = 195 + w. What are the prime factors of v?
2, 3, 29
Let k = -116 - -209. Let v = k + 2. List the prime factors of v.
5, 19
Let n be -1*(-2)/(-10) - 2/(-10). Suppose 199 = g - n*g. What are the prime factors of g?
199
Let o(t) = 2*t**2 - 5*t - 3. Let m = 16 + -8. Let a be m/(-5)*(-10)/(-4). What are the prime factors of o(a)?
7
Let f(a) = 44*a**3 - 5*a**2 + 22*a - 83. List the prime factors of f(4).
2741
Let d be (-3)/(-12) + (-21)/(-12). Suppose 3*s - 115 = -4*h, 3*h + s + d = 82. List the prime factors of h.
5
Let n(t) = 7 + 7*t - 2*t**3 + 3*t - 3*t - 2*t**2 - 2*t. List the prime factors of n(-3).
2, 7
Let o(l) = -874*l - 158. List the prime factors of o(-5).
2, 3, 13
Suppose -l = a - 344, 5*l + a = 3*a + 1727. What are the prime factors of (-18)/72 - l/(-4)?
2, 43
Let s(g) = g**2 + 6 - 3*g**3 - 4*g - 5*g**2 + 2*g**3. Let n be s(-5). Let l =